3/3 + 3*d**2/2 - 8*d. Let a be q(-6). Let n = -84 + a. List the prime factors of n.
3, 13
Let i(z) = z**2 - 16*z - 49. What are the prime factors of i(19)?
2
Let v = -4291 - -6274. List the prime factors of v.
3, 661
Suppose 210207 = 4*a + 37*a. What are the prime factors of a?
3, 1709
Let o(d) = d**3 + 8*d**2 - 5*d + 6. Let c be o(-9). Suppose 170 = 5*t - 7*t. Let a = c - t. List the prime factors of a.
5, 11
Let s = -2941 + 5440. List the prime factors of s.
3, 7, 17
Let v(f) = f**2 + 8*f - 16. Suppose 108 = -6*n - 3*n. What are the prime factors of v(n)?
2
List the prime factors of (-2 - (-8080)/(-12))/(6/(-9)).
1013
Let j(g) = 123*g - 153. What are the prime factors of j(32)?
3, 13, 97
Let m(g) = -2*g**3 + 3*g**2 - 3. Let d be m(-3). Suppose 2*s + 92 = -12. Let a = d + s. List the prime factors of a.
2, 13
Let t = 425 + -160. What are the prime factors of t?
5, 53
Let n(j) be the first derivative of -7*j**2/2 - 5*j + 15. List the prime factors of n(-4).
23
Suppose -o + 4*a - 9*a = -1962, -3*o + 5958 = -3*a. List the prime factors of o.
2, 991
Let c(y) = -18 - 235*y - 3*y**2 + 220*y + 2*y**2. Let o be c(-15). What are the prime factors of 6/(-9)*o + 3?
3, 5
Suppose v + 5*w - 21 = 0, 2*v + 2*w = -2*v + 12. Let i be (v/3)/(12/180). Suppose 1 = i*u + q - 27, -q = 4*u - 22. List the prime factors of u.
2, 3
Let f = 21 - 15. What are the prime factors of 3*(-1 + 16/f)?
5
Suppose 2*o = -2*s - 2*o + 12, -5*o + 14 = 2*s. Suppose -s*h = -0*h + 18. Let x(a) = a**3 + 10*a**2 + 7*a + 4. List the prime factors of x(h).
2, 11
Let o be (36/(-126) - (-2)/7)/(-3). Suppose 3*d + 7 - 520 = o. List the prime factors of d.
3, 19
Suppose -5*i - 4*d = -8*d - 5840, 4*i - 4672 = -5*d. List the prime factors of i.
2, 73
Let b = 795 + 665. What are the prime factors of b?
2, 5, 73
Let h(m) be the first derivative of -m**3/3 + 13*m**2/2 - 12*m + 10. Let a be h(11). Let u = 54 - a. List the prime factors of u.
2, 11
List the prime factors of 11995/40 + (-7)/(-56).
2, 3, 5
Let a = -10 + 8. Let l be a/(-11) + 280/(-88). What are the prime factors of 1/l - 64/(-3)?
3, 7
Let q(y) be the second derivative of -47*y**3/3 + y**2/2 - y - 5. What are the prime factors of q(-3)?
283
List the prime factors of 2 + -1 - -166 - (124 + -130).
173
Let c = 1492 + -68. List the prime factors of c.
2, 89
Let q = 873 - 398. What are the prime factors of q?
5, 19
Let u(m) = m - 16. Let w be u(19). Let o(p) = 4*p**2 + 3*p - 6. List the prime factors of o(w).
3, 13
Let h = -60 - -70. What are the prime factors of h?
2, 5
Let u = -216 + 2249. Suppose 6*r + 509 = u. List the prime factors of r.
2, 127
Suppose 3*k - 3*w - 2814 = 0, -18*w = 2*k - 16*w - 1880. List the prime factors of k.
3, 313
Let m = 203 + -98. What are the prime factors of m?
3, 5, 7
Suppose 7*a - 10*a - 2*q + 217 = 0, -4*q + 221 = 3*a. List the prime factors of a.
71
Let p(x) = 5*x**2 - 19*x + 18. List the prime factors of p(11).
2, 3, 23
Let q be (8/3)/(6/9). Suppose 5*y - 4 = q*y. Suppose y*k = 5*k - 4. List the prime factors of k.
2
Let j be (4/5)/(6/30). Suppose 3*s - o = 254, j*o - 352 = -4*s + 8*o. List the prime factors of s.
83
Suppose 0 = l + 4*l - a - 1051, l + 4*a = 227. List the prime factors of l.
211
Suppose 0*v + 2*r = 2*v, -r + 2 = v. What are the prime factors of -3*v - 4935/(-21)?
2, 29
Let s = 203 + 192. What are the prime factors of s?
5, 79
Let l = 231 + 2020. List the prime factors of l.
2251
Let l(b) be the third derivative of -b**6/720 + b**5/40 + b**4/12 - 5*b**2. Let o(f) be the second derivative of l(f). List the prime factors of o(-7).
2, 5
Let r = 633 + -288. What are the prime factors of r?
3, 5, 23
Let h = 446 + 113. List the prime factors of h.
13, 43
Suppose -49 = y - 429. Suppose -3*g = 140 - y. List the prime factors of g.
2, 5
List the prime factors of (22 - 21) + (-5)/((-15)/1884).
17, 37
Let h(f) be the first derivative of 5*f**4/4 - f**3/3 - f - 1. What are the prime factors of h(2)?
5, 7
What are the prime factors of (5 - 180/27)*-276?
2, 5, 23
Suppose -3*b - 3*c - 42 = 0, 0 = 3*b + 2*c - 0*c + 40. Let w(t) = t**3 + 12*t**2 - 4*t + 7. What are the prime factors of w(b)?
5, 11
Let l(x) = -15*x - 1. Let s(d) = d**3 + 5*d**2 - 4*d + 9. Let q be (-6)/1*1 - 0. Let g be s(q). List the prime factors of l(g).
2, 11
Let q(j) = -48*j + 4. Let m be q(-2). Let b be 3/(-9) - m/(-3). Let x = b - -4. List the prime factors of x.
37
Let z be ((-16)/6)/((-1)/(-3)). Let j(l) = l + 6. Let n(b) = 3*b + 18. Let d(m) = 17*j(m) - 6*n(m). List the prime factors of d(z).
2
List the prime factors of 1/(-5) - (-13 + (-8082)/10).
821
Let r(h) = -22*h - 49. Let f be r(-14). Let d = f + -185. What are the prime factors of d?
2, 37
Suppose l = -4*j - 8, 3*j + 2 = 3*l - 4. Let k(z) = 3*z + 12. Let x be k(-4). List the prime factors of (0 - x) + 17 + j.
3, 5
Let b(n) = 40*n**2 - 5*n + 31. List the prime factors of b(-9).
2, 829
Let t(s) = s**3 + 1. Let p be t(1). Suppose m + 5*n - 118 = -m, 2*m - 112 = -p*n. List the prime factors of m.
2, 3
List the prime factors of (-8)/(-80)*4 + (-14728)/(-5).
2, 3, 491
Suppose -22*w + 5008 = -14*w. What are the prime factors of w?
2, 313
Let q(p) = -3*p + 4*p - p - 11*p. Let h be q(-4). Let l = h + -31. What are the prime factors of l?
13
Let n(c) = -4*c**3 - 19*c**2 + 19*c + 11. What are the prime factors of n(-7)?
11, 29
Let w = -137 + 212. Suppose -3*t - w = -2*v, -2*v + 58 = -5*t - 23. List the prime factors of v.
3, 11
What are the prime factors of (-3 - -13)*((-872)/(-16) - 6)?
5, 97
Let n(o) = 119*o + 1. Let s be n(1). Suppose 3*z - s = z. List the prime factors of (36/5)/(12/z).
2, 3
Let q(v) = v**3 - 3*v**2. Let a(z) = -z - 8. Let o be a(-11). Let c be q(o). Suppose -4*i = -8, -2*i - 6 = -2*l - c*i. List the prime factors of l.
5
Let x be (-303)/(-1 + 4) + 3. Let v be (-3)/(-18) - x/(-12). Let h = v - -12. List the prime factors of h.
2
Let k = 115 + -121. Let y(z) = -22*z - 12. List the prime factors of y(k).
2, 3, 5
Suppose -370 = 34*w - 39*w. What are the prime factors of w?
2, 37
Let d(m) = -m**2 + 8*m - 14. Let k be d(-14). Let a = k + 484. List the prime factors of a.
2, 3
List the prime factors of (-30)/50 - (-44840)/25.
11, 163
Suppose 0 = 6*b - 2501 - 9913. What are the prime factors of b?
2069
Suppose -k + 1356 = -449. What are the prime factors of k?
5, 19
What are the prime factors of (-2)/((4/66)/((-13)/3))?
11, 13
Suppose -m + 7 = -45. Let g = -17 + m. Let k = g + -20. List the prime factors of k.
3, 5
Suppose 6*o - 5*o - 154 = 0. Suppose 26 + o = 4*v. Let l = 97 - v. What are the prime factors of l?
2, 13
Let z be (0/2)/(-2) - -3. Let u be (-1)/3 + 16/z. Let p = 18 - u. What are the prime factors of p?
13
Let v be 0/(4/6 + 2/6). Suppose v = -4*z - 5*m + 21 + 712, -4*z + 2*m + 726 = 0. List the prime factors of z.
2, 7, 13
Let k(m) = 5*m**2 + 4*m + 2. Let n be k(-2). Let w(a) = 119 - 60 - 59 + 3*a. List the prime factors of w(n).
2, 3, 7
Let w = 28 - 19. Let l = -13 + w. Let x = l + 17. List the prime factors of x.
13
Let v(q) = 224*q**2 - 33*q + 106. What are the prime factors of v(3)?
7, 17
Let x be 4/6 + 10*(-3)/(-9). Suppose -228 = -4*o + 2*f, -2*o - 149 = -5*o - x*f. List the prime factors of o.
5, 11
Let l = 33 - 85. Let s = l + 182. What are the prime factors of s?
2, 5, 13
Let v(i) = -i**3 + i**2 - 17*i - 32. What are the prime factors of v(-6)?
2, 7, 23
Let i(b) = -2*b**2 - 7*b + 6. Let r(d) = -2*d**2 - 8*d + 6. Let f(t) = 3*i(t) - 4*r(t). What are the prime factors of f(4)?
2, 5, 7
Let b(w) = 2769*w**2 + 2*w + 1. Let g be b(-1). Let q be 10/55 + g/22. Suppose -6*n = -3*n - q. List the prime factors of n.
2, 3, 7
Suppose -2*m = -642 - 168. Let j = -256 + m. List the prime factors of j.
149
Suppose -5*p + 976 = 236. What are the prime factors of (p/(-12))/(2/(-6))?
37
Let r = -2 - 2. Let h(d) = -17*d + 17. List the prime factors of h(r).
5, 17
Let i = 1532 + 73. What are the prime factors of i?
3, 5, 107
Let k = -283 - -2179. What are the prime factors of k?
2, 3, 79
Suppose 3*x - 4*x = j - 323, 2*x - 5*j = 611. Suppose -3*q + s = 4*s - x, -3*s - 490 = -5*q. List the prime factors of q.
101
Let z = -386 + 654. List the prime factors of z.
2, 67
Let q(m) = -55*m - 459. List the prime factors of q(-24).
3, 7, 41
Suppose 164 = -3*y + 4*r + r, -y - 4